number?
True
Is 153313 a composite number?
False
Is 35031 prime?
False
Is 10711 prime?
True
Is 2241089 a prime number?
False
Is 2231791 prime?
True
Is 4481 prime?
True
Is 9701 composite?
True
Is 4710391 composite?
True
Is 630607 composite?
False
Is 244889 prime?
True
Is 72299 a prime number?
False
Is 43661 prime?
True
Is 3793 composite?
False
Is 5569 composite?
False
Is 13669 composite?
False
Is 1977953 prime?
True
Is 26393 a composite number?
False
Is 38721 composite?
True
Is 641 composite?
False
Is 18617 a prime number?
True
Is 399811 composite?
True
Is 21467 a prime number?
True
Is 149213 a prime number?
True
Is 39469 a prime number?
False
Is 31583 composite?
False
Is 24611 a composite number?
False
Is 7807 prime?
False
Is 115057 prime?
True
Is 1212307 composite?
True
Is 1507 a composite number?
True
Is 15338 a prime number?
False
Is 443 a composite number?
False
Is 312049 prime?
False
Is 407653 a prime number?
False
Is 591691 prime?
True
Is 59371 composite?
True
Is 36187 composite?
False
Is 21859 composite?
False
Is 402239 a prime number?
True
Is 48947 a composite number?
False
Is 1949 prime?
True
Is 1269869 a prime number?
True
Is 1288033 a composite number?
False
Is 1477 prime?
False
Is 918943 a composite number?
False
Is 1415 prime?
False
Is 199247 composite?
False
Is 5939 a composite number?
False
Is 544651 a composite number?
False
Is 22613 a composite number?
False
Is 1502 a composite number?
True
Is 95839 prime?
False
Is 5959 a composite number?
True
Is 14431 composite?
False
Is 142619 composite?
False
Is 1027 prime?
False
Is 3943 a prime number?
True
Is 739813 prime?
True
Is 2206 a prime number?
False
Is 8929 a prime number?
True
Is 1415773 a prime number?
True
Is 20431 prime?
True
Is 54803 composite?
True
Is 465611 composite?
False
Is 42751 prime?
True
Is 158177 prime?
False
Is 94895 a prime number?
False
Is 125863 composite?
False
Is 20633 composite?
True
Is 200631 composite?
True
Is 379007 a composite number?
False
Is 28349 prime?
True
Is 16753 composite?
True
Is 917 a prime number?
False
Is 222569 a composite number?
True
Is 3513 a prime number?
False
Is 20017 composite?
True
Is 3499 composite?
False
Is 50359 a prime number?
True
Is 4853 composite?
True
Is 2217 a prime number?
False
Is 899789 a prime number?
False
Is 89347 prime?
False
Is 93731 composite?
True
Is 7986097 a prime number?
False
Is 2483 a composite number?
True
Is 974543 a composite number?
True
Is 417371 prime?
True
Is 114823 a composite number?
True
Is 29917 a prime number?
True
Is 6911 a prime number?
True
Is 92987 composite?
False
Is 1002193 prime?
False
Is 40459 a composite number?
False
Is 10481 prime?
False
Is 7303 a composite number?
True
Is 36689 a composite number?
True
Is 13191 a composite number?
True
Is 9599 a composite number?
True
Is 4260137 a prime number?
False
Is 6731 composite?
True
Is 412289 prime?
True
Is 11341 a composite number?
True
Is 14687 prime?
False
Is 70717 prime?
True
Is 16489 a prime number?
False
Is 1709 a composite number?
False
Is 36451 prime?
True
Is 50041 a composite number?
True
Is 51733 prime?
False
Is 36181 composite?
True
Is 14597 a composite number?
True
Is 346829 prime?
False
Is 10921 a prime number?
False
Is 1173433 prime?
True
Is 9773 prime?
False
Is 46918 a prime number?
False
Is 17453 composite?
True
Is 133801 prime?
True
Is 14845 composite?
True
Is 720709 a prime number?
False
Is 132017 a prime number?
False
Is 2249 composite?
True
Is 13201 composite?
True
Is 23531 composite?
False
Is 350179 prime?
True
Is 150869 a composite number?
False
Is 127 composite?
False
Is 179611 composite?
True
Is 745 prime?
False
Is 1150399 a composite number?
True
Is 2129 composite?
False
Is 39659 a prime number?
True
Is 301939 composite?
True
Is 141935 a composite number?
True
Is 31721 a composite number?
False
Is 4627 a prime number?
False
Is 13991 composite?
True
Is 197537 a composite number?
True
Is 58657 prime?
True
Is 22291 prime?
True
Is 8903 a composite number?
True
Is 41729 composite?
False
Is 9991 a composite number?
True
Is 19597 a composite number?
False
Is 230739 a prime number?
False
Is 1724059 a composite number?
False
Is 191411 prime?
False
Is 529 composite?
True
Is 65479 prime?
True
Is 21365 a composite number?
True
Is 145391 a prime number?
True
Is 13963 composite?
False
Is 229181 a prime number?
True
Is 4637 composite?
False
Is 47913 a composite number?
True
Is 23623 a prime number?
True
Is 503483 prime?
True
Is 278023 a prime number?
False
Is 462811 prime?
False
Is 285933 composite?
True
Is 206581 a prime number?
False
Is 2099 a composite number?
False
Is 20581 prime?
False
Is 12227 a prime number?
True
Is 10007 a composite number?
False
Is 243197 a prime number?
True
Is 2708071 prime?
True
Is 718241 a composite number?
False
Is 256589 composite?
False
Is 240841 a prime number?
True
Is 2358919 a prime number?
True
Is 2318705 prime?
False
Is 917 a prime number?
False
Is 47789 a composite number?
True
Is 13379 a prime number?
False
Is 8809 composite?
True
Is 750553 a composite number?
False
Is 2180635 prime?
False
Is 3337 a composite number?
True
Is 26551 prime?
False
Is 41051 a composite number?
False
Is 7741 a prime number?
True
Is 278131 composite?
True
Is 85 composite?
True
Is 17521 a prime number?
False
Is 176555 a prime number?
False
Is 6119 composite?
True
Is 35611 composite?
True
Is 163729 a prime number?
True
Is 71758 composite?
True
Is 2613701 composite?
False
Is 645941 prime?
True
Is 1009 prime?
True
Is 5471 a prime number?
True
Is 1511 a composite number?
False
Is 203545 a prime number?
False
Is 21361 composite?
True
Is 19661 prime?
True
Is 37379 prime?
True
Is 77191 prime?
True
Is 82201 composite?
True
Is 195761 a prime number?
True
Is 58477 a prime number?
True
Is 149239 composite?
False
Is 916651 a prime number?
True
Is 12197 prime?
True
Is 98533 composite?
False
Is 137905 prime?
False
Is 5623 prime?
True
Is 44417 a prime number?
True
Is 14921 a prime number?
False
Is 8081 prime?
True
Is 207367 a composite number?
False
Is 24014 composite?
True
Is 10291 a prime number?
False
Is 283763 a composite number?
False
Is 65267 a prime number?
True
Is 1086247 prime?
True
Is 12703 composite?
False
Is 8939 prime?
False
Is 35261 prime?
False
Is 4011707 prime?
False
Is 511891 a composite number?
False
Is 181787 composite?
False
Is 23269 a prime number?
True
Is 38261 prime?
True
Is 209 prime?
False
Is 2836285 composite?
True
Is 57943 a composite number?
False
Is 70051 prime?
True
Is 3647 a prime number?
False
Is 4283 composite?
False
Is 29119 a composite number?
True
Is 150355 a composite number?
True
Is 37889 a composite number?
False
Is 955595 composite?
True
Is 4321 a composite number?
True
Is 191783 composite?
False
Is 2521 prime?
True
Is 16781 prime?
False
Is 160073 a composite number?
False
Is 584557 a prime number?
True
Is 1842793 a composite number?
False
Is 15877 prime?
True
Is 432977 composite?
True
Is 31957 prime?
True
Is 628583 prime?
True
Is 392569 a composite number?
False
Is 78101 prime?
True
Is 42659 prime?
False
Is 223 a prime number?
True
Is 7819 composite?
True
Is 510009 a prime number?
False
Is 3877 a prime number?
True
Is 102995 composite?
True
Is 158261 a prime number?
True
Is 831 a composite number?
True
Is 46261 prime?
True
Is 2671 composite?
False
Is 317311 a prime number?
False
Is 156363 composite?
True
Is 4119 prime?
False
Is 3331 composite?
False
Is 689 a composite number?
True
Is 9043 a prime number?
True
Is 23939 composite?
True
Is 293 prime?
True
Is 245711 prime?
True
Is 873967 a prime number?
False
Is 7711 composite?
True
Is 152563 a composite number?
False
Is 3967 composite?
False
Is 10369 a prime number?
True
Is 1308691 prime?
True
Is 379903 a composite number?
False
Is 98179 prime?
True
Is 24359 composite?
False
Is 49289 prime?
False
Is 581935 a composite number?
True
Is 7799 composite?
True
Is 74377 composite?
False
Is 3024433 prime?
True
Is 159529 a prime number?
False
Is 119 composite?
True
Is 662 a prime number?
False
Is 1509649 a composite number?
True
Is 1076501 prime?
True
Is 4187 composite?
True
Is 39019 prime?
True
Is 128981 prime?
True
Is 258551 a composite number?
False
Is 9031 prime?
False
Is 3785 a prime number?
False
Is 48881 prime?
False
Is 138793 prime?
True
Is 105